3300 and 1235246100.
3300
Calculate the highest common factor of 3814285 and 16450.
235
What is the greatest common divisor of 4285008 and 129584?
1456
Calculate the highest common divisor of 44642172 and 6072.
276
What is the highest common factor of 9792171 and 295?
59
Calculate the greatest common divisor of 1545 and 125589445.
515
What is the highest common divisor of 98 and 1168566?
14
What is the highest common divisor of 124992 and 927?
9
What is the highest common divisor of 7474 and 630038?
202
Calculate the highest common divisor of 61925693 and 31.
31
Calculate the greatest common factor of 1980814706 and 26.
26
What is the greatest common factor of 2380 and 21833180?
20
What is the highest common divisor of 278 and 34488263?
139
What is the greatest common factor of 1551392 and 35584?
32
What is the highest common factor of 45 and 15677358?
3
What is the highest common factor of 3228 and 206802627?
807
What is the greatest common factor of 126 and 2736519534?
126
What is the highest common divisor of 1691626 and 6383318?
9346
What is the greatest common factor of 561 and 828817?
11
What is the highest common factor of 59289880 and 85?
85
What is the highest common factor of 777 and 424464?
111
Calculate the greatest common factor of 15878511 and 214704.
1917
What is the greatest common divisor of 1416 and 59323320?
1416
Calculate the greatest common divisor of 31832 and 3128.
184
Calculate the greatest common factor of 39201 and 927936.
537
What is the greatest common factor of 11338345 and 9443?
1349
What is the greatest common divisor of 3915893037 and 69?
69
Calculate the highest common divisor of 141083 and 351067.
3281
Calculate the greatest common factor of 1497535 and 195.
65
What is the greatest common divisor of 2537 and 2745152?
59
What is the greatest common factor of 8901 and 162962991?
387
Calculate the greatest common divisor of 116 and 9842732.
4
What is the greatest common divisor of 3168 and 6454272?
1056
Calculate the highest common divisor of 866658 and 1014.
78
What is the greatest common factor of 91557 and 15957?
27
Calculate the greatest common factor of 100 and 525932900.
100
What is the greatest common divisor of 70 and 26672198?
14
What is the highest common divisor of 17282419 and 4389?
1463
Calculate the greatest common factor of 306561150 and 21.
21
What is the greatest common factor of 33408 and 16926372?
1044
What is the highest common divisor of 96923 and 588233?
103
What is the highest common divisor of 9570774 and 222?
6
Calculate the greatest common factor of 60 and 6405470.
10
What is the highest common factor of 1770578 and 8?
2
Calculate the highest common divisor of 68174736 and 56.
56
What is the greatest common factor of 979000 and 186989?
979
What is the highest common divisor of 24543 and 17297664?
303
Calculate the greatest common divisor of 280 and 6536810.
70
Calculate the greatest common divisor of 1216129501 and 15681.
5227
Calculate the greatest common factor of 218544 and 992496.
1392
What is the greatest common divisor of 933420 and 195?
15
What is the greatest common divisor of 125596 and 55964?
68
What is the highest common divisor of 850200 and 947973?
4251
Calculate the greatest common factor of 3099946 and 1401.
467
What is the highest common factor of 9257101 and 133?
7
What is the greatest common divisor of 640 and 18583520?
160
Calculate the greatest common factor of 9113 and 4108.
13
Calculate the greatest common factor of 5013779 and 8.
1
Calculate the greatest common divisor of 202618 and 754.
26
What is the greatest common factor of 405816723 and 2106?
1053
What is the greatest common factor of 13579785 and 5?
5
What is the greatest common divisor of 105 and 98028315?
105
Calculate the highest common divisor of 60470120 and 1480.
40
What is the greatest common factor of 1756908 and 972?
36
What is the highest common divisor of 23129190 and 9000?
90
What is the highest common divisor of 18976825 and 175?
175
Calculate the highest common divisor of 3605429 and 1370.
137
Calculate the highest common divisor of 5338173 and 35783.
3253
What is the highest common factor of 96 and 10016514?
6
What is the highest common divisor of 19672400 and 12584?
88
What is the highest common divisor of 8597020 and 2020?
20
What is the greatest common factor of 28590 and 6225949?
953
What is the highest common divisor of 214809 and 1752975?
1113
What is the greatest common divisor of 5950 and 356050?
50
What is the greatest common divisor of 2485 and 20145185?
355
What is the highest common factor of 312 and 69202614?
78
What is the highest common divisor of 45 and 7653600?
45
Calculate the greatest common divisor of 1306 and 1445089.
653
Calculate the greatest common divisor of 98345 and 43165.
445
What is the highest common divisor of 2635 and 192914705?
155
Calculate the greatest common divisor of 19834 and 417569.
211
Calculate the highest common divisor of 4925 and 7245463.
197
Calculate the highest common factor of 20100 and 12394598.
134
Calculate the highest common divisor of 709960 and 50.
10
What is the greatest common factor of 576460 and 1165574?
1406
Calculate the greatest common divisor of 187 and 9079292.
17
Calculate the highest common divisor of 54399338 and 14.
14
What is the greatest common factor of 25218 and 131112?
54
What is the highest common factor of 20304 and 10785936?
2256
What is the greatest common divisor of 128 and 20848?
16
Calculate the highest common divisor of 90 and 13471080.
30
Calculate the greatest common divisor of 3376799272 and 1214.
1214
Calculate the greatest common divisor of 30183462 and 27.
27
What is the greatest common divisor of 7644 and 156973362?
3822
Calculate the highest common divisor of 4104 and 20012472.
1368
What is the greatest common divisor of 11032020 and 1890?
90
What is the greatest common divisor of 173856 and 41584182?
10866
Calculate the greatest common factor of 6372 and 830472.
12
Calculate the highest common factor of 1606272 and 136.
8
What is the highest common factor of 14313307 and 464076?
4297
Calculate the greatest common divisor of 485990 and 10994.
46
Calculate the greatest common factor of 48 and 2296979232.
48
Calculate the highest common factor of 116805 and 72930.
195
What is the greatest common divisor of 248006 and 22?
22
Calculate the highest common divisor of 165634690 and 65.
65
Calculate the greatest common factor of 35233046 and 1.
1
Calculate the greatest common divisor of 124 and 2635558.
62
What is the greatest common divisor of 7144815 and 34479?
3831
What is the highest common factor of 9637 and 1333258?
419
What is the highest common divisor of 5024994 and 507?
39
What is the highest common divisor of 1318 and 117831177?
659
What is the greatest common divisor of 63189 and 9772229?
1003
What is the greatest common divisor of 40200461 and 80416?
2513
Calculate the greatest common divisor of 148450 and 110000.
50
What is the highest common factor of 1077444 and 33?
3
What is the greatest common factor of 104856 and 8452536?
408
Calculate the greatest common factor of 279 and 6488796.
93
What is the greatest common divisor of 918 and 1787181678?
918
What is the greatest common divisor of 90962261 and 52?
13
What is the greatest common factor of 5900659 and 1102?
551
Calculate the highest common factor of 1928591 and 2597.
49
What is the highest common factor of 1017 and 53012255?
113
Calculate the highest common factor of 42800356 and 136.
68
What is the greatest common factor of 1046707135 and 565?
565
What is the highest common divisor of 279270 and 14338?
214
What is the highest common divisor of 237511 and 39131?
109
Calculate the highest common factor of 4916493 and 15165.
3033
What is the greatest common divisor of 37440 and 1841190?
390
What is the greatest common divisor of 43 and 20069347?
43
What is the highest common factor of 5632 and 130757?
11
Calculate the greatest common divisor of 6226 and 100353781.
3113
What is the highest common divisor of 702 and 5639270?
26
What is the highest common divisor of 1054 and 30484346?
62
Calculate the greatest common factor of 17980 and 1372860.
580
What is the highest common factor of 34 and 26824878?
34
Calculate the highest common divisor of